e hundreds digit of 8612789?
7
What is the tens digit of 7757607537?
3
What is the ten thousands digit of 107641246?
4
What is the hundreds digit of 833944154?
1
What is the tens digit of 38881584?
8
What is the hundreds digit of 11215700?
7
What is the hundreds digit of 2456565632?
6
What is the hundreds digit of 28227761?
7
What is the ten thousands digit of 857184608?
8
What is the tens digit of 116232221?
2
What is the thousands digit of 631216459?
6
What is the hundred thousands digit of 335803717?
8
What is the ten millions digit of 1176544672?
7
What is the ten millions digit of 44095166?
4
What is the millions digit of 22736655?
2
What is the hundred thousands digit of 678378025?
3
What is the units digit of 62678411?
1
What is the ten millions digit of 42577307?
4
What is the units digit of 5328191625?
5
What is the millions digit of 336076115?
6
What is the hundreds digit of 16575839?
8
What is the millions digit of 3335497223?
5
What is the millions digit of 2849821589?
9
What is the ten millions digit of 89021475?
8
What is the tens digit of 1847408573?
7
What is the ten millions digit of 39216514?
3
What is the ten millions digit of 1135115954?
3
What is the thousands digit of 67298632?
8
What is the hundred thousands digit of 2030617786?
6
What is the tens digit of 6528341700?
0
What is the hundred millions digit of 5003595054?
0
What is the tens digit of 102513485?
8
What is the thousands digit of 159552685?
2
What is the hundred millions digit of 1239157470?
2
What is the units digit of 29487475?
5
What is the tens digit of 118358526?
2
What is the ten thousands digit of 458200739?
0
What is the ten thousands digit of 860897881?
9
What is the ten millions digit of 26908225?
2
What is the millions digit of 1779953881?
9
What is the hundreds digit of 66615232?
2
What is the millions digit of 21620579?
1
What is the hundred millions digit of 110411887?
1
What is the hundred thousands digit of 5551246?
5
What is the thousands digit of 4995538349?
8
What is the hundred thousands digit of 14423806?
4
What is the tens digit of 792818448?
4
What is the units digit of 346219815?
5
What is the hundreds digit of 363578962?
9
What is the ten millions digit of 470888916?
7
What is the hundreds digit of 897236985?
9
What is the thousands digit of 1725480869?
0
What is the tens digit of 51136754?
5
What is the hundred millions digit of 186580589?
1
What is the thousands digit of 2331184260?
4
What is the hundreds digit of 4520027661?
6
What is the thousands digit of 278668489?
8
What is the millions digit of 13933749?
3
What is the hundred millions digit of 188275383?
1
What is the hundred thousands digit of 78661861?
6
What is the hundred thousands digit of 782055667?
0
What is the hundred millions digit of 3195508599?
1
What is the tens digit of 5319797247?
4
What is the ten millions digit of 85414703?
8
What is the units digit of 299496143?
3
What is the thousands digit of 39739001?
9
What is the tens digit of 36118310?
1
What is the hundred millions digit of 654678936?
6
What is the ten millions digit of 473172652?
7
What is the thousands digit of 392341469?
1
What is the thousands digit of 4937163604?
3
What is the tens digit of 7237973855?
5
What is the hundred millions digit of 863299659?
8
What is the hundreds digit of 206083088?
0
What is the millions digit of 1454391652?
4
What is the hundred thousands digit of 145932178?
9
What is the millions digit of 2649920407?
9
What is the millions digit of 12061564?
2
What is the hundreds digit of 170535810?
8
What is the hundreds digit of 161459299?
2
What is the ten thousands digit of 617488991?
8
What is the tens digit of 471163565?
6
What is the thousands digit of 34519718?
9
What is the ten thousands digit of 514916129?
1
What is the hundreds digit of 2064644724?
7
What is the thousands digit of 480803544?
3
What is the ten millions digit of 117360954?
1
What is the hundred thousands digit of 4714347171?
3
What is the ten thousands digit of 3766161209?
6
What is the ten millions digit of 220099018?
2
What is the billions digit of 2178012565?
2
What is the millions digit of 83073688?
3
What is the hundred thousands digit of 1659234863?
2
What is the hundreds digit of 351984294?
2
What is the ten thousands digit of 201859289?
5
What is the ten millions digit of 5754879649?
5
What is the millions digit of 2354332233?
4
What is the ten millions digit of 108578824?
0
What is the thousands digit of 3295222347?
2
What is the billions digit of 3198360312?
3
What is the millions digit of 16421738?
6
What is the tens digit of 5406289696?
9
What is the hundred thousands digit of 417555876?
5
What is the hundreds digit of 492349476?
4
What is the hundred thousands digit of 583006047?
0
What is the hundreds digit of 393142547?
5
What is the hundred millions digit of 233052966?
2
What is the ten millions digit of 253526991?
5
What is the millions digit of 125886419?
5
What is the hundred thousands digit of 881984?
8
What is the thousands digit of 8244583?
4
What is the units digit of 2800684634?
4
What is the thousands digit of 273609689?
9
What is the ten millions digit of 2099442858?
9
What is the units digit of 307568825?
5
What is the units digit of 183408033?
3
What is the hundreds digit of 312085357?
3
What is the thousands digit of 89880775?
0
What is the thousands digit of 2819152462?
2
What is the ten thousands digit of 41207032?
0
What is the hundreds digit of 347812674?
6
What is the billions digit of 1470461563?
1
What is the tens digit of 131899089?
8
What is the ten thousands digit of 3434123473?
2
What is the units digit of 1604074580?
0
What is the ten millions digit of 168751826?
6
What is the tens digit of 5970156262?
6
What is the hundred thousands digit of 22431890?
4
What is the units digit of 779334987?
7
What is the billions digit of 3253084310?
3
What is the ten millions digit of 791265627?
9
What is the ten millions digit of 1116195796?
1
What is the ten thousands digit of 19654215?
5
What is the hundred millions digit of 1974168189?
9
What is the hundreds digit of 2756064696?
6
What is the ten thousands digit of 46916901?
1
What is the hundreds digit of 118955103?
1
What is the hundreds digit of 669031476?
4
What is the hundreds digit of 43542350?
3
What is the thousands digit of 2660188139?
8
What is the thousands digit of 125558261?
8
What is the units digit of 184687999?
9
What is the thousands digit of 5884896484?
6
What is the millions digit of 159886504?
9
What is the hundreds digit of 23231872?
8
What is the hundred thousands digit of 71770984?
7
What is the hundred thousands digit of 34301711?
3
What is the units digit of 34420818?
8
What is the tens digit of 2260952648?
4
What is the millions digit of 336776846?
6
What is the units digit of 36501239?
9
What is the millions digit of 78287773?
8
What is the units digit of 893053330?
0
What is the ten millions digit of 10945837?
1
What is the hundred millions digit of 2997955058?
9
What is the hundreds digit of 96155691?
6
What is the ten thousands digit of 1449154528?
5
What is the ten millions digit of 3761717069?
6
What is the tens digit of 693404318?
1
What is the ten thousands digit of 128065266?
6
What is the hundred thousands digit of 54827294?
8
What is the millions digit of 10750212?
0
What is the units digit of 476070745?
5
What is the hundreds digit of 1679298753?
7
What is the ten thousands digit of 251750621?
5
What is the units digit of 902227975?
5
What is the hundred millions digit of 2564974646?
5
What is the millions digit of 217303355?
7
What is the hundreds digit of 914593580?
5
What is the hundred thousands digit of 609489716?
4
What is the millions digit of 545452270?
5
What is the ten thousands digit of 29087284?
8
What is the ten thousands digit of 369127081?
2
What is the hundred millions digit of 1511251322?
5
What is the tens digit of 360592544?
4
What is the tens digit of 5486419?
1
What is the ten thousands digit of 26904153?
0
What is the thousands digit of 3287834252?
4
What is the thousands digit of 3214879950?
9
What is the units digit of 33936101?
1
What is the ten millions digit of 20058798?
2
What is the hundreds digit of 105539079?
0
What is the hundreds digit of 26949353?
3
Wha